
Suppose i - 2*i + 4*s + 3 = 0, 0 = 5*s + 5. Let o be i/(2*(-1)/8). Suppose -4*f + 0*f + o*d + 96 = 0, 2*f - d = 52. List the prime factors of f.
2, 7
List the prime factors of 537 + (-5 - -1 - -10).
3, 181
Let z(t) = 25*t**3 - 3*t**2 + 5*t - 10. What are the prime factors of z(2)?
2, 47
Suppose -3*y - 3 = 0, -15 = -5*o - 4*y + 6. Suppose -o*h = 2 - 17. Let n(q) = 6*q - 1. List the prime factors of n(h).
17
Let g(l) = 45*l - 62. List the prime factors of g(9).
7
Let v(u) = -u**3 + 32*u**2 - 25*u + 113. What are the prime factors of v(31)?
13, 23
What are the prime factors of 898700/602 + (-6)/7?
2, 373
Suppose -2*n + 533*x = 531*x - 3210, -5*x + 1635 = n. What are the prime factors of n?
2, 5, 7, 23
Suppose -10 = -5*h - 0. Suppose 2*m = -0 + h. Let q = m + 9. What are the prime factors of q?
2, 5
Suppose -18 = -4*j + 2*f, -5*j = -3*j + 3*f + 11. Let x be (1 - -1)*1/j. Let q(a) = 30*a**2. What are the prime factors of q(x)?
2, 3, 5
Let x = 31 + -16. Suppose -j - x = 2*j. Let u(r) = -r**3 - 4*r**2 + 2*r - 2. What are the prime factors of u(j)?
13
Let t(a) = -107*a - 1. Let v be t(1). List the prime factors of (-10)/(-6)*v/(-30).
2, 3
Suppose 15 = n + 2*n. Let q(t) = t**2 - 6*t + 7. Let m be q(n). Suppose 0 = -4*f + 3*y + 120 + 15, -2*y + 50 = m*f. What are the prime factors of f?
2, 3, 5
Suppose -3*h = h + 3*v - 19231, 2*h = -2*v + 9618. List the prime factors of h.
2, 1201
What are the prime factors of ((-13434)/10)/(-3) - 94/(-470)?
2, 7
Let o be 18/3 + (0 + 6)/(-2). Suppose k - 82 = -b - 0*b, -450 = -5*k + o*b. List the prime factors of k.
3, 29
Let u = -33 - -36. Suppose 0 = -4*f + u*f + 56. List the prime factors of f.
2, 7
Suppose 2*u + 2*l + 2682 = 6*u, 0 = 3*u - 5*l - 2008. List the prime factors of u.
11, 61
Suppose 0*d + 5*n + 8 = 2*d, 2*d - 3*n - 8 = 0. Let q(i) = -6*i**2 + 4*i**3 - 5*i**3 - d - 6*i - 2. List the prime factors of q(-6).
2, 3, 5
Let t be ((-8)/(-5))/((-8)/(-3220)). Suppose -1 = -5*h + t. What are the prime factors of h?
3, 43
Suppose b = 3*l + 1 - 5, -5*l = b - 20. Suppose 3*f - 5*r - 196 = 0, 3*f - r + l*r - 182 = 0. Suppose -123 = -5*g + f. What are the prime factors of g?
37
Suppose 5*b - 8 = b. Let z(u) = 9*u + u**2 + b*u + 12*u + 31 - 9*u. What are the prime factors of z(-13)?
2, 3
Let k(i) = i**3 + 22*i**2 + 21*i + 1. Let y be k(-21). Let x = 7 - 5. Suppose 2*q + 1 = -3*r - y, q = x*r + 6. List the prime factors of q.
2
Suppose -20 - 34 = 2*a. Let r = 147 - 53. List the prime factors of a/(-18) + r/4.
5
Suppose 2*w = -2*n + 1 + 3, 5*w - 19 = -2*n. Suppose -2*k - 4*t + t + 205 = 0, -3*k = w*t - 309. List the prime factors of k.
2, 7
What are the prime factors of (28 - -2129)*(-4)/(-3)?
2, 719
Let u(d) = d + 4. Let c be u(-3). Let v(q) = 15*q**2 - 1. Let n be v(c). Suppose -w = 5*h - 29, 4*w + 5*h = n + 27. List the prime factors of w.
2
Suppose j + q = 1174, -7*q + 5*q = 3*j - 3518. List the prime factors of j.
2, 3, 5, 13
Let c be -5 - 0 - -5 - -2. Let o(x) = 5*x - 6. What are the prime factors of o(c)?
2
Suppose -86034 = -37*l - 41*l. What are the prime factors of l?
1103
Let k be -62*(12/30)/((-1)/(-5)). Let a = 15 - k. List the prime factors of a.
139
Let p(l) be the first derivative of -l**4/12 - 5*l**3/2 - 4*l**2 - 4*l - 1. Let d(g) be the first derivative of p(g). List the prime factors of d(-10).
2, 3, 7
Let x(r) = r - 8. Let c = 11 - 1. Let u be x(c). Suppose 142 = 4*w - k, 0*w + w + u*k - 31 = 0. List the prime factors of w.
5, 7
Suppose 2*k + 2*s + 1 = -s, -2*s = -k + 10. Suppose -11*p - 473 + 1617 = 0. List the prime factors of p/5 + k/20.
3, 7
Suppose 8*k - k - 21 = 0. Suppose -o = -4*u + 7*u - 371, -k*o - 363 = -3*u. What are the prime factors of u?
3, 41
Let i(w) = -6*w**2 + w + 1. Let x be i(-1). Let t(m) = m**3 + 8*m**2 + 6*m - 6. List the prime factors of t(x).
2, 3, 5
Let b(c) = -c**2 - 9*c - 4. Let s be b(-10). Let x = -56 - s. Let f = x + 87. What are the prime factors of f?
3, 5
Let d be (-866)/(-12) + (-2)/12. Let m = d - 42. List the prime factors of m.
2, 3, 5
Let q = -863 - -1566. List the prime factors of q.
19, 37
List the prime factors of (-12)/(-8) + (-5 - (-26456)/16).
2, 3, 5, 11
Suppose -3*r + 12 = -j - 8*r, 0 = 2*j + 2*r. Suppose o = j*o - 2. Suppose o - 26 = -q. List the prime factors of q.
5
Suppose 0 = -5*s + m + m + 1816, 5*s + m - 1807 = 0. List the prime factors of s.
2, 181
Let p(r) = -2*r**3 + 5*r**2 + 20*r + 10. List the prime factors of p(-8).
2, 3, 199
List the prime factors of 8/2*(65 + -4).
2, 61
Let f be (0/1)/(0 + -1). Let i be 5 + -6 - (-10 + f). Let w(l) = -l**2 + 11*l + 1. List the prime factors of w(i).
19
Suppose 4*s = 2*g - 196, 3*g - 96 = 5*s + 201. Suppose -108*w = -g*w - 88. What are the prime factors of w?
2, 11
Suppose 3*y + 839 = 2*f, -5*y = 3*f + f - 1645. What are the prime factors of f?
5, 83
Suppose 719 - 3231 = -4*p. What are the prime factors of p?
2, 157
Let a be 3 - 7/(-5) - (-15)/25. Suppose -3*c = -n + 202, 0 = -4*n + a*c - c + 792. What are the prime factors of n?
2, 7
Let g be ((-16)/24)/(1/(-219)). Let k = g - -118. List the prime factors of k.
2, 3, 11
Let q(a) = 20*a**3 + 4*a**2 - 12*a - 20. List the prime factors of q(3).
2, 5, 13
Suppose -2*m = -4*b - 119 - 645, 5*m = -3*b + 1936. Suppose -6*i = -m - 250. What are the prime factors of i?
2, 53
Let v be (-108)/(-3) - (0 + 0). Suppose s = -5*s + v. What are the prime factors of 237/s + (-2)/4?
3, 13
Suppose -4 = -4*r + 8. Suppose x - y = -2*x + 279, -r*x + 279 = -3*y. List the prime factors of x.
3, 31
Suppose 228 = -4*c - 60. Let j = -41 - c. Suppose -4*o = -5*y - 39, -2*y - y + j = o. What are the prime factors of o?
2
Let h be 13/(-39)*(1 + -7). Suppose -3*j = -h*j - 4. What are the prime factors of -1 + j/8*62?
2, 3, 5
Let r = -58 + 53. List the prime factors of (r + 969/3)*(-2)/(-6).
2, 53
Suppose -6 = 2*d, -2*j + 1510 = d - 389. What are the prime factors of j?
3, 317
What are the prime factors of 4 + -1 + (3801 - -7) + 0?
37, 103
Let p(u) = u**3 + 7*u**2 + 1. Let j be p(-4). Let b(z) = -z**3 - 22*z**2 - 41*z - 26. Let w be b(-20). Let t = w + j. What are the prime factors of t?
43
Suppose -2*q + 451 = 5*r - 709, -589 = -q + 2*r. List the prime factors of q.
3, 5, 13
Suppose -5*x - s = 3*s + 4, -2*x - 24 = -4*s. Let f = x + 4. Suppose u + u - 4 = f. List the prime factors of u.
2
Suppose 0 = 2*j - 0*x - 5*x - 29, -7 = -j + x. List the prime factors of j.
2
Let l(j) = -40*j**2 + 22*j**2 - 12 + 22*j**2 + 11*j. What are the prime factors of l(-9)?
3, 71
Suppose 5*q - 3*v - 15 = 18, -2*q + 4*v = -16. Suppose -d + q*d - 25 = 2*k, k + d - 5 = 0. Suppose k = -6*g + 11*g - 275. List the prime factors of g.
5, 11
Let t(a) = -a**2 + 6*a + 3. Suppose 2*h = h + 2. Suppose -2*d + 5*n = -22, -2*n - h*n - 8 = 0. What are the prime factors of t(d)?
3
Let q = -14 - -12. Let h(r) = 47*r**2. Let b be h(q). Suppose 3*p = 7*p - b. What are the prime factors of p?
47
Let c = 293 + -113. Suppose -5*p - c = -4*z, -2*z - 3*z + p = -246. What are the prime factors of z?
2, 5
Suppose -4*c + 15 = c. Let y = c - -72. Suppose 0 = -3*n + 3*x + y, 2*n - x + 5*x - 38 = 0. What are the prime factors of n?
23
Let b = -5 + 7. Suppose f + f = 5*r + 26, -r + 5*f = 19. List the prime factors of (r/6*-57)/b.
19
Suppose 3*n - 2*n = 1. Let y(f) = 6*f - 2. What are the prime factors of y(n)?
2
Let l = 517 + -296. Suppose 2*y = -5*f + l, y - 3*y + 3*f + 261 = 0. What are the prime factors of y?
3, 41
Let c(d) = d**2 + 2*d + 50. What are the prime factors of c(-24)?
2, 17
Let n be ((-42)/(-36))/((-2)/(-12)). Suppose -p - 5*d - 12 = 0, -3*d - 5 = 3*p + n. What are the prime factors of p*((-15)/2)/1?
3, 5
Let v(a) = 8*a + 1233. List the prime factors of v(53).
1657
Let k(p) = -424*p**3 - 3*p**2 - 3*p. What are the prime factors of k(-1)?
2, 53
Let d(h) = -42*h - 115. List the prime factors of d(-13).
431
What are the prime factors of 8097/13 + (-22)/(-143)?
7, 89
Let t(n) = n**3 - n**2 + n + 12. Suppose -3*k = -8*k. List the prime factors of t(k).
2, 3
Let v = -530 - -759. List the prime factors of v.
229
Let i = 158 + -155. Suppose -2*g = -i*x - 6*g + 704, 907 = 4*x - g. List the prime factors of x.
2, 3, 19
Suppose -34064 - 48828 = -23*a. List the prime factors of a.
2, 17, 53
Let t(h) = 5*h**2 - h. Let m(y) = -4*y - 10. L